{"id":32,"date":"2019-06-15T21:48:02","date_gmt":"2019-06-15T19:48:02","guid":{"rendered":"http:\/\/balsetdansesdautrefois.alwaysdata.net\/?page_id=32"},"modified":"2025-12-13T01:34:36","modified_gmt":"2025-12-13T00:34:36","slug":"membres-de-lassociation","status":"publish","type":"page","link":"https:\/\/balsetdansesdautrefois.fr\/index.php\/membres-de-lassociation\/","title":{"rendered":"Conseil d&rsquo;administration"},"content":{"rendered":"\n<hr class=\"wp-block-separator has-css-opacity\"\/>\n\n\n\n<p>Pour l\u2019ann\u00e9e 2025-2026, la composition du conseil d\u2019administration est la suivante\u00a0:<\/p>\n\n\n\n<p class=\"has-normal-font-size\"><strong>Le conseil d\u2019administration\u00a0:<\/strong><\/p>\n\n\n\n<ul class=\"wp-block-list\">\n<li>Madame Claude POULS, pr\u00e9sidente et r\u00e9p\u00e9titrice de danses.<\/li>\n\n\n\n<li>Mademoiselle Estelle TARDIF, vice- pr\u00e9sidente et r\u00e9f\u00e9rente charg\u00e9e de la communication.<\/li>\n\n\n\n<li>Monsieur Raoul POULS, Tr\u00e9sorier.<\/li>\n\n\n\n<li>Madame Lysiane Martin, secr\u00e9taire.(Madame POULS, Mademoiselle TARDIF, Monsieur POULS et madame MARTIN constituent le bureau de l\u2019association.)<\/li>\n\n\n\n<li>Monsieur Aur\u00e9lien BARRE, administrateur et r\u00e9f\u00e9rent blog et site internet.<\/li>\n\n\n\n<li>Madame Anne CHEVREL, administratrice et r\u00e9f\u00e9rente costumes.<\/li>\n\n\n\n<li>Madame Muri\u00e8le LAGUETTE, administratrice.<\/li>\n<\/ul>\n\n\n\n<p><\/p>\n","protected":false},"excerpt":{"rendered":"<p>Pour l\u2019ann\u00e9e 2025-2026, la composition du conseil d\u2019administration est la suivante\u00a0: Le conseil d\u2019administration\u00a0:<\/p>\n","protected":false},"author":2,"featured_media":0,"parent":0,"menu_order":0,"comment_status":"closed","ping_status":"closed","template":"","meta":{"footnotes":""},"class_list":["post-32","page","type-page","status-publish","hentry"],"yoast_head":"<!-- This site is optimized with the Yoast SEO plugin v26.5 - https:\/\/yoast.com\/wordpress\/plugins\/seo\/ -->\n<title>Conseil d&#039;administration - Bals et danses d&#039;autrefois ...<\/title>\n<meta name=\"robots\" content=\"index, follow, max-snippet:-1, max-image-preview:large, max-video-preview:-1\" \/>\n<link rel=\"canonical\" href=\"https:\/\/balsetdansesdautrefois.fr\/index.php\/membres-de-lassociation\/\" \/>\n<meta property=\"og:locale\" content=\"fr_FR\" \/>\n<meta property=\"og:type\" content=\"article\" \/>\n<meta property=\"og:title\" content=\"Conseil d&#039;administration - Bals et danses d&#039;autrefois ...\" \/>\n<meta property=\"og:description\" content=\"Pour l\u2019ann\u00e9e 2025-2026, la composition du conseil d\u2019administration est la suivante\u00a0: Le conseil d\u2019administration\u00a0:\" \/>\n<meta property=\"og:url\" content=\"https:\/\/balsetdansesdautrefois.fr\/index.php\/membres-de-lassociation\/\" \/>\n<meta property=\"og:site_name\" content=\"Bals et danses d&#039;autrefois ...\" \/>\n<meta property=\"article:modified_time\" content=\"2025-12-13T00:34:36+00:00\" \/>\n<meta name=\"twitter:card\" content=\"summary_large_image\" \/>\n<meta name=\"twitter:label1\" content=\"Dur\u00e9e de lecture estim\u00e9e\" \/>\n\t<meta name=\"twitter:data1\" content=\"1 minute\" \/>\n<script type=\"application\/ld+json\" class=\"yoast-schema-graph\">{\"@context\":\"https:\/\/schema.org\",\"@graph\":[{\"@type\":\"WebPage\",\"@id\":\"https:\/\/balsetdansesdautrefois.fr\/index.php\/membres-de-lassociation\/\",\"url\":\"https:\/\/balsetdansesdautrefois.fr\/index.php\/membres-de-lassociation\/\",\"name\":\"Conseil d'administration - Bals et danses d&#039;autrefois ...\",\"isPartOf\":{\"@id\":\"https:\/\/balsetdansesdautrefois.fr\/#website\"},\"datePublished\":\"2019-06-15T19:48:02+00:00\",\"dateModified\":\"2025-12-13T00:34:36+00:00\",\"breadcrumb\":{\"@id\":\"https:\/\/balsetdansesdautrefois.fr\/index.php\/membres-de-lassociation\/#breadcrumb\"},\"inLanguage\":\"fr-FR\",\"potentialAction\":[{\"@type\":\"ReadAction\",\"target\":[\"https:\/\/balsetdansesdautrefois.fr\/index.php\/membres-de-lassociation\/\"]}]},{\"@type\":\"BreadcrumbList\",\"@id\":\"https:\/\/balsetdansesdautrefois.fr\/index.php\/membres-de-lassociation\/#breadcrumb\",\"itemListElement\":[{\"@type\":\"ListItem\",\"position\":1,\"name\":\"Accueil\",\"item\":\"https:\/\/balsetdansesdautrefois.fr\/\"},{\"@type\":\"ListItem\",\"position\":2,\"name\":\"Conseil d&rsquo;administration\"}]},{\"@type\":\"WebSite\",\"@id\":\"https:\/\/balsetdansesdautrefois.fr\/#website\",\"url\":\"https:\/\/balsetdansesdautrefois.fr\/\",\"name\":\"Bals et danses d&#039;autrefois ...\",\"description\":\"Association de danses historiques, situ\u00e9e \u00e0 Saint Jean de la Ruelle\",\"potentialAction\":[{\"@type\":\"SearchAction\",\"target\":{\"@type\":\"EntryPoint\",\"urlTemplate\":\"https:\/\/balsetdansesdautrefois.fr\/?s={search_term_string}\"},\"query-input\":{\"@type\":\"PropertyValueSpecification\",\"valueRequired\":true,\"valueName\":\"search_term_string\"}}],\"inLanguage\":\"fr-FR\"}]}<\/script>\n<!-- \/ Yoast SEO plugin. -->","yoast_head_json":{"title":"Conseil d'administration - Bals et danses d&#039;autrefois ...","robots":{"index":"index","follow":"follow","max-snippet":"max-snippet:-1","max-image-preview":"max-image-preview:large","max-video-preview":"max-video-preview:-1"},"canonical":"https:\/\/balsetdansesdautrefois.fr\/index.php\/membres-de-lassociation\/","og_locale":"fr_FR","og_type":"article","og_title":"Conseil d'administration - Bals et danses d&#039;autrefois ...","og_description":"Pour l\u2019ann\u00e9e 2025-2026, la composition du conseil d\u2019administration est la suivante\u00a0: Le conseil d\u2019administration\u00a0:","og_url":"https:\/\/balsetdansesdautrefois.fr\/index.php\/membres-de-lassociation\/","og_site_name":"Bals et danses d&#039;autrefois ...","article_modified_time":"2025-12-13T00:34:36+00:00","twitter_card":"summary_large_image","twitter_misc":{"Dur\u00e9e de lecture estim\u00e9e":"1 minute"},"schema":{"@context":"https:\/\/schema.org","@graph":[{"@type":"WebPage","@id":"https:\/\/balsetdansesdautrefois.fr\/index.php\/membres-de-lassociation\/","url":"https:\/\/balsetdansesdautrefois.fr\/index.php\/membres-de-lassociation\/","name":"Conseil d'administration - Bals et danses d&#039;autrefois ...","isPartOf":{"@id":"https:\/\/balsetdansesdautrefois.fr\/#website"},"datePublished":"2019-06-15T19:48:02+00:00","dateModified":"2025-12-13T00:34:36+00:00","breadcrumb":{"@id":"https:\/\/balsetdansesdautrefois.fr\/index.php\/membres-de-lassociation\/#breadcrumb"},"inLanguage":"fr-FR","potentialAction":[{"@type":"ReadAction","target":["https:\/\/balsetdansesdautrefois.fr\/index.php\/membres-de-lassociation\/"]}]},{"@type":"BreadcrumbList","@id":"https:\/\/balsetdansesdautrefois.fr\/index.php\/membres-de-lassociation\/#breadcrumb","itemListElement":[{"@type":"ListItem","position":1,"name":"Accueil","item":"https:\/\/balsetdansesdautrefois.fr\/"},{"@type":"ListItem","position":2,"name":"Conseil d&rsquo;administration"}]},{"@type":"WebSite","@id":"https:\/\/balsetdansesdautrefois.fr\/#website","url":"https:\/\/balsetdansesdautrefois.fr\/","name":"Bals et danses d&#039;autrefois ...","description":"Association de danses historiques, situ\u00e9e \u00e0 Saint Jean de la Ruelle","potentialAction":[{"@type":"SearchAction","target":{"@type":"EntryPoint","urlTemplate":"https:\/\/balsetdansesdautrefois.fr\/?s={search_term_string}"},"query-input":{"@type":"PropertyValueSpecification","valueRequired":true,"valueName":"search_term_string"}}],"inLanguage":"fr-FR"}]}},"_links":{"self":[{"href":"https:\/\/balsetdansesdautrefois.fr\/index.php\/wp-json\/wp\/v2\/pages\/32","targetHints":{"allow":["GET"]}}],"collection":[{"href":"https:\/\/balsetdansesdautrefois.fr\/index.php\/wp-json\/wp\/v2\/pages"}],"about":[{"href":"https:\/\/balsetdansesdautrefois.fr\/index.php\/wp-json\/wp\/v2\/types\/page"}],"author":[{"embeddable":true,"href":"https:\/\/balsetdansesdautrefois.fr\/index.php\/wp-json\/wp\/v2\/users\/2"}],"replies":[{"embeddable":true,"href":"https:\/\/balsetdansesdautrefois.fr\/index.php\/wp-json\/wp\/v2\/comments?post=32"}],"version-history":[{"count":3,"href":"https:\/\/balsetdansesdautrefois.fr\/index.php\/wp-json\/wp\/v2\/pages\/32\/revisions"}],"predecessor-version":[{"id":3450,"href":"https:\/\/balsetdansesdautrefois.fr\/index.php\/wp-json\/wp\/v2\/pages\/32\/revisions\/3450"}],"wp:attachment":[{"href":"https:\/\/balsetdansesdautrefois.fr\/index.php\/wp-json\/wp\/v2\/media?parent=32"}],"curies":[{"name":"wp","href":"https:\/\/api.w.org\/{rel}","templated":true}]}}