{"id":2273,"date":"2023-09-12T14:10:50","date_gmt":"2023-09-12T12:10:50","guid":{"rendered":"https:\/\/balsetdansesdautrefois.fr\/?post_type=tribe_events&#038;p=2273"},"modified":"2023-09-12T14:10:50","modified_gmt":"2023-09-12T12:10:50","slug":"forum-des-associations-2023-de-saint-jean-de-la-ruelle","status":"publish","type":"tribe_events","link":"https:\/\/balsetdansesdautrefois.fr\/index.php\/event\/forum-des-associations-2023-de-saint-jean-de-la-ruelle\/","title":{"rendered":"Forum des associations 2023 de Saint Jean de la Ruelle."},"content":{"rendered":"<p>Le 9 septembre, \u00ab\u00a0Bals et Danses d&rsquo;Autrefois\u00a0\u00bb \u00e9tait pr\u00e9sente au forum des associations\u00a0 de Saint Jean de la Ruelle. Cette manifestation sympathique, remarquablement organis\u00e9e par l&rsquo;\u00e9quipe municipale , nous a permis de prendre de nombreux contacts, d&rsquo;effectuer quelques pas de danses Second Empire et Belle Epoque et d&rsquo;inviter un public enthousiaste \u00e0 danser avec nous un cotillon. Le premier cours d\u00e9couverte se d\u00e9roulera le samedi 23 septembre, de 14h00 \u00e0 18h00, au conservatoire \u00e0 rayonnement communal de Saint Jean de la Ruelle, 29\u00a0 Rue B. Million. N&rsquo;h\u00e9sitez pas \u00e0 venir nous voir&#8230;<\/p>\n<p>Les photos de cet \u00e9v\u00e8nement sont dans Gallery.<\/p>\n","protected":false},"excerpt":{"rendered":"<p>Le 9 septembre, \u00ab\u00a0Bals et Danses d&rsquo;Autrefois\u00a0\u00bb \u00e9tait pr\u00e9sente au forum des associations\u00a0 de Saint Jean de la Ruelle. Cette manifestation sympathique, remarquablement organis\u00e9e par l&rsquo;\u00e9quipe municipale , nous a permis de prendre de nombreux[&#8230;]<\/p>\n","protected":false},"author":3,"featured_media":0,"template":"","meta":{"_tribe_events_status":"","_tribe_events_status_reason":"","footnotes":""},"tags":[],"tribe_events_cat":[],"class_list":["post-2273","tribe_events","type-tribe_events","status-publish","hentry"],"yoast_head":"<!-- This site is optimized with the Yoast SEO plugin v26.5 - https:\/\/yoast.com\/wordpress\/plugins\/seo\/ -->\n<title>Forum des associations 2023 de Saint Jean de la Ruelle. - Bals et danses d&#039;autrefois ...<\/title>\n<meta name=\"robots\" content=\"index, follow, max-snippet:-1, max-image-preview:large, max-video-preview:-1\" \/>\n<link rel=\"canonical\" href=\"https:\/\/balsetdansesdautrefois.fr\/index.php\/event\/forum-des-associations-2023-de-saint-jean-de-la-ruelle\/\" \/>\n<meta property=\"og:locale\" content=\"fr_FR\" \/>\n<meta property=\"og:type\" content=\"article\" \/>\n<meta property=\"og:title\" content=\"Forum des associations 2023 de Saint Jean de la Ruelle. - Bals et danses d&#039;autrefois ...\" \/>\n<meta property=\"og:description\" content=\"Le 9 septembre, \u00ab\u00a0Bals et Danses d&rsquo;Autrefois\u00a0\u00bb \u00e9tait pr\u00e9sente au forum des associations\u00a0 de Saint Jean de la Ruelle. Cette manifestation sympathique, remarquablement organis\u00e9e par l&rsquo;\u00e9quipe municipale , nous a permis de prendre de nombreux[...]\" \/>\n<meta property=\"og:url\" content=\"https:\/\/balsetdansesdautrefois.fr\/index.php\/event\/forum-des-associations-2023-de-saint-jean-de-la-ruelle\/\" \/>\n<meta property=\"og:site_name\" content=\"Bals et danses d&#039;autrefois ...\" \/>\n<meta name=\"twitter:card\" content=\"summary_large_image\" \/>\n<script type=\"application\/ld+json\" class=\"yoast-schema-graph\">{\"@context\":\"https:\/\/schema.org\",\"@graph\":[{\"@type\":\"WebPage\",\"@id\":\"https:\/\/balsetdansesdautrefois.fr\/index.php\/event\/forum-des-associations-2023-de-saint-jean-de-la-ruelle\/\",\"url\":\"https:\/\/balsetdansesdautrefois.fr\/index.php\/event\/forum-des-associations-2023-de-saint-jean-de-la-ruelle\/\",\"name\":\"Forum des associations 2023 de Saint Jean de la Ruelle. - Bals et danses d&#039;autrefois ...\",\"isPartOf\":{\"@id\":\"https:\/\/balsetdansesdautrefois.fr\/#website\"},\"datePublished\":\"2023-09-12T12:10:50+00:00\",\"breadcrumb\":{\"@id\":\"https:\/\/balsetdansesdautrefois.fr\/index.php\/event\/forum-des-associations-2023-de-saint-jean-de-la-ruelle\/#breadcrumb\"},\"inLanguage\":\"fr-FR\",\"potentialAction\":[{\"@type\":\"ReadAction\",\"target\":[\"https:\/\/balsetdansesdautrefois.fr\/index.php\/event\/forum-des-associations-2023-de-saint-jean-de-la-ruelle\/\"]}]},{\"@type\":\"BreadcrumbList\",\"@id\":\"https:\/\/balsetdansesdautrefois.fr\/index.php\/event\/forum-des-associations-2023-de-saint-jean-de-la-ruelle\/#breadcrumb\",\"itemListElement\":[{\"@type\":\"ListItem\",\"position\":1,\"name\":\"Accueil\",\"item\":\"https:\/\/balsetdansesdautrefois.fr\/\"},{\"@type\":\"ListItem\",\"position\":2,\"name\":\"\u00c9v\u00e8nements\",\"item\":\"https:\/\/balsetdansesdautrefois.fr\/index.php\/events\/\"},{\"@type\":\"ListItem\",\"position\":3,\"name\":\"Forum des associations 2023 de Saint Jean de la Ruelle.\"}]},{\"@type\":\"WebSite\",\"@id\":\"https:\/\/balsetdansesdautrefois.fr\/#website\",\"url\":\"https:\/\/balsetdansesdautrefois.fr\/\",\"name\":\"Bals et danses d&#039;autrefois ...\",\"description\":\"Association de danses historiques, situ\u00e9e \u00e0 Saint Jean de la Ruelle\",\"potentialAction\":[{\"@type\":\"SearchAction\",\"target\":{\"@type\":\"EntryPoint\",\"urlTemplate\":\"https:\/\/balsetdansesdautrefois.fr\/?s={search_term_string}\"},\"query-input\":{\"@type\":\"PropertyValueSpecification\",\"valueRequired\":true,\"valueName\":\"search_term_string\"}}],\"inLanguage\":\"fr-FR\"}]}<\/script>\n<!-- \/ Yoast SEO plugin. -->","yoast_head_json":{"title":"Forum des associations 2023 de Saint Jean de la Ruelle. - Bals et danses d&#039;autrefois ...","robots":{"index":"index","follow":"follow","max-snippet":"max-snippet:-1","max-image-preview":"max-image-preview:large","max-video-preview":"max-video-preview:-1"},"canonical":"https:\/\/balsetdansesdautrefois.fr\/index.php\/event\/forum-des-associations-2023-de-saint-jean-de-la-ruelle\/","og_locale":"fr_FR","og_type":"article","og_title":"Forum des associations 2023 de Saint Jean de la Ruelle. - Bals et danses d&#039;autrefois ...","og_description":"Le 9 septembre, \u00ab\u00a0Bals et Danses d&rsquo;Autrefois\u00a0\u00bb \u00e9tait pr\u00e9sente au forum des associations\u00a0 de Saint Jean de la Ruelle. Cette manifestation sympathique, remarquablement organis\u00e9e par l&rsquo;\u00e9quipe municipale , nous a permis de prendre de nombreux[...]","og_url":"https:\/\/balsetdansesdautrefois.fr\/index.php\/event\/forum-des-associations-2023-de-saint-jean-de-la-ruelle\/","og_site_name":"Bals et danses d&#039;autrefois ...","twitter_card":"summary_large_image","schema":{"@context":"https:\/\/schema.org","@graph":[{"@type":"WebPage","@id":"https:\/\/balsetdansesdautrefois.fr\/index.php\/event\/forum-des-associations-2023-de-saint-jean-de-la-ruelle\/","url":"https:\/\/balsetdansesdautrefois.fr\/index.php\/event\/forum-des-associations-2023-de-saint-jean-de-la-ruelle\/","name":"Forum des associations 2023 de Saint Jean de la Ruelle. - Bals et danses d&#039;autrefois ...","isPartOf":{"@id":"https:\/\/balsetdansesdautrefois.fr\/#website"},"datePublished":"2023-09-12T12:10:50+00:00","breadcrumb":{"@id":"https:\/\/balsetdansesdautrefois.fr\/index.php\/event\/forum-des-associations-2023-de-saint-jean-de-la-ruelle\/#breadcrumb"},"inLanguage":"fr-FR","potentialAction":[{"@type":"ReadAction","target":["https:\/\/balsetdansesdautrefois.fr\/index.php\/event\/forum-des-associations-2023-de-saint-jean-de-la-ruelle\/"]}]},{"@type":"BreadcrumbList","@id":"https:\/\/balsetdansesdautrefois.fr\/index.php\/event\/forum-des-associations-2023-de-saint-jean-de-la-ruelle\/#breadcrumb","itemListElement":[{"@type":"ListItem","position":1,"name":"Accueil","item":"https:\/\/balsetdansesdautrefois.fr\/"},{"@type":"ListItem","position":2,"name":"\u00c9v\u00e8nements","item":"https:\/\/balsetdansesdautrefois.fr\/index.php\/events\/"},{"@type":"ListItem","position":3,"name":"Forum des associations 2023 de Saint Jean de la Ruelle."}]},{"@type":"WebSite","@id":"https:\/\/balsetdansesdautrefois.fr\/#website","url":"https:\/\/balsetdansesdautrefois.fr\/","name":"Bals et danses d&#039;autrefois ...","description":"Association de danses historiques, situ\u00e9e \u00e0 Saint Jean de la Ruelle","potentialAction":[{"@type":"SearchAction","target":{"@type":"EntryPoint","urlTemplate":"https:\/\/balsetdansesdautrefois.fr\/?s={search_term_string}"},"query-input":{"@type":"PropertyValueSpecification","valueRequired":true,"valueName":"search_term_string"}}],"inLanguage":"fr-FR"}]}},"_links":{"self":[{"href":"https:\/\/balsetdansesdautrefois.fr\/index.php\/wp-json\/wp\/v2\/tribe_events\/2273","targetHints":{"allow":["GET"]}}],"collection":[{"href":"https:\/\/balsetdansesdautrefois.fr\/index.php\/wp-json\/wp\/v2\/tribe_events"}],"about":[{"href":"https:\/\/balsetdansesdautrefois.fr\/index.php\/wp-json\/wp\/v2\/types\/tribe_events"}],"author":[{"embeddable":true,"href":"https:\/\/balsetdansesdautrefois.fr\/index.php\/wp-json\/wp\/v2\/users\/3"}],"version-history":[{"count":1,"href":"https:\/\/balsetdansesdautrefois.fr\/index.php\/wp-json\/wp\/v2\/tribe_events\/2273\/revisions"}],"predecessor-version":[{"id":2274,"href":"https:\/\/balsetdansesdautrefois.fr\/index.php\/wp-json\/wp\/v2\/tribe_events\/2273\/revisions\/2274"}],"wp:attachment":[{"href":"https:\/\/balsetdansesdautrefois.fr\/index.php\/wp-json\/wp\/v2\/media?parent=2273"}],"wp:term":[{"taxonomy":"post_tag","embeddable":true,"href":"https:\/\/balsetdansesdautrefois.fr\/index.php\/wp-json\/wp\/v2\/tags?post=2273"},{"taxonomy":"tribe_events_cat","embeddable":true,"href":"https:\/\/balsetdansesdautrefois.fr\/index.php\/wp-json\/wp\/v2\/tribe_events_cat?post=2273"}],"curies":[{"name":"wp","href":"https:\/\/api.w.org\/{rel}","templated":true}]}}

<p>Le 9 septembre, « Bals et Danses d&rsquo;Autrefois » était présente au forum des associations  de Saint Jean de la Ruelle. Cette manifestation sympathique, remarquablement organisée par l&rsquo;équipe municipale , nous a permis de prendre de nombreux contacts, d&rsquo;effectuer quelques pas de danses Second Empire et Belle Epoque et d&rsquo;inviter un public enthousiaste à danser avec nous un cotillon. Le premier cours découverte se déroulera le samedi 23 septembre, de 14h00 à 18h00, au conservatoire à rayonnement communal de Saint Jean de la Ruelle, 29  Rue B. Million. N&rsquo;hésitez pas à venir nous voir&#8230;</p>
<p>Les photos de cet évènement sont dans Gallery.</p>

<p>Le 9 septembre, « Bals et Danses d&rsquo;Autrefois » était présente au forum des associations  de Saint Jean de la Ruelle. Cette manifestation sympathique, remarquablement organisée par l&rsquo;équipe municipale , nous a permis de prendre de nombreux[&#8230;]</p>

<!-- This site is optimized with the Yoast SEO plugin v26.5 - https://yoast.com/wordpress/plugins/seo/ -->
<title>Forum des associations 2023 de Saint Jean de la Ruelle. - Bals et danses d&#039;autrefois ...</title>
<meta name="robots" content="index, follow, max-snippet:-1, max-image-preview:large, max-video-preview:-1" />
<link rel="canonical" href="https://balsetdansesdautrefois.fr/index.php/event/forum-des-associations-2023-de-saint-jean-de-la-ruelle/" />
<meta property="og:locale" content="fr_FR" />
<meta property="og:type" content="article" />
<meta property="og:title" content="Forum des associations 2023 de Saint Jean de la Ruelle. - Bals et danses d&#039;autrefois ..." />
<meta property="og:description" content="Le 9 septembre, « Bals et Danses d&rsquo;Autrefois » était présente au forum des associations  de Saint Jean de la Ruelle. Cette manifestation sympathique, remarquablement organisée par l&rsquo;équipe municipale , nous a permis de prendre de nombreux[...]" />
<meta property="og:url" content="https://balsetdansesdautrefois.fr/index.php/event/forum-des-associations-2023-de-saint-jean-de-la-ruelle/" />
<meta property="og:site_name" content="Bals et danses d&#039;autrefois ..." />
<meta name="twitter:card" content="summary_large_image" />
<script type="application/ld+json" class="yoast-schema-graph">{"@context":"https://schema.org","@graph":[{"@type":"WebPage","@id":"https://balsetdansesdautrefois.fr/index.php/event/forum-des-associations-2023-de-saint-jean-de-la-ruelle/","url":"https://balsetdansesdautrefois.fr/index.php/event/forum-des-associations-2023-de-saint-jean-de-la-ruelle/","name":"Forum des associations 2023 de Saint Jean de la Ruelle. - Bals et danses d&#039;autrefois ...","isPartOf":{"@id":"https://balsetdansesdautrefois.fr/#website"},"datePublished":"2023-09-12T12:10:50+00:00","breadcrumb":{"@id":"https://balsetdansesdautrefois.fr/index.php/event/forum-des-associations-2023-de-saint-jean-de-la-ruelle/#breadcrumb"},"inLanguage":"fr-FR","potentialAction":[{"@type":"ReadAction","target":["https://balsetdansesdautrefois.fr/index.php/event/forum-des-associations-2023-de-saint-jean-de-la-ruelle/"]}]},{"@type":"BreadcrumbList","@id":"https://balsetdansesdautrefois.fr/index.php/event/forum-des-associations-2023-de-saint-jean-de-la-ruelle/#breadcrumb","itemListElement":[{"@type":"ListItem","position":1,"name":"Accueil","item":"https://balsetdansesdautrefois.fr/"},{"@type":"ListItem","position":2,"name":"Évènements","item":"https://balsetdansesdautrefois.fr/index.php/events/"},{"@type":"ListItem","position":3,"name":"Forum des associations 2023 de Saint Jean de la Ruelle."}]},{"@type":"WebSite","@id":"https://balsetdansesdautrefois.fr/#website","url":"https://balsetdansesdautrefois.fr/","name":"Bals et danses d&#039;autrefois ...","description":"Association de danses historiques, située à Saint Jean de la Ruelle","potentialAction":[{"@type":"SearchAction","target":{"@type":"EntryPoint","urlTemplate":"https://balsetdansesdautrefois.fr/?s={search_term_string}"},"query-input":{"@type":"PropertyValueSpecification","valueRequired":true,"valueName":"search_term_string"}}],"inLanguage":"fr-FR"}]}</script>
<!-- / Yoast SEO plugin. -->

Le 9 septembre, « Bals et Danses d&rsquo;Autrefois » était présente au forum des associations  de Saint Jean de la Ruelle. Cette manifestation sympathique, remarquablement organisée par l&rsquo;équipe municipale , nous a permis de prendre de nombreux[...]

Évènements

Association de danses historiques, située à Saint Jean de la Ruelle
